{"id":322,"date":"2024-07-11T16:45:54","date_gmt":"2024-07-11T16:45:54","guid":{"rendered":"http:\/\/silentplace.pt\/environnement\/"},"modified":"2024-10-01T16:46:39","modified_gmt":"2024-10-01T16:46:39","slug":"environnement","status":"publish","type":"page","link":"https:\/\/silentplace.pt\/fr\/","title":{"rendered":"Le domaine"},"content":{"rendered":"\n<p id=\"espaco\"><strong>Situ\u00e9e dans une ferme centenaire \u00e0 Rio de Mouro Velho\/Pai\u00f5es (Sintra), la maison dispose de 9 chambres, d&rsquo;une chapelle et de divers espaces int\u00e9rieurs et ext\u00e9rieurs pour la convivialit\u00e9.<\/strong><\/p>\n\n\n\n<figure class=\"wp-block-image size-large\"><img fetchpriority=\"high\" decoding=\"async\" width=\"1024\" height=\"683\" src=\"https:\/\/www.silentplace.pt\/wp-content\/uploads\/2024\/07\/flores-3-1024x683.jpg\" alt=\"\" class=\"wp-image-474\" srcset=\"https:\/\/silentplace.pt\/wp-content\/uploads\/2024\/07\/flores-3-1024x683.jpg 1024w, https:\/\/silentplace.pt\/wp-content\/uploads\/2024\/07\/flores-3-300x200.jpg 300w, https:\/\/silentplace.pt\/wp-content\/uploads\/2024\/07\/flores-3-768x512.jpg 768w, https:\/\/silentplace.pt\/wp-content\/uploads\/2024\/07\/flores-3-1536x1024.jpg 1536w, https:\/\/silentplace.pt\/wp-content\/uploads\/2024\/07\/flores-3-2048x1365.jpg 2048w\" sizes=\"(max-width: 767px) 89vw, (max-width: 1000px) 54vw, (max-width: 1071px) 543px, 580px\" \/><\/figure>\n\n\n\n<h2 class=\"wp-block-heading\">Le jardim<\/h2>\n\n\n\n<p>La nature cache ses secrets et ne r\u00e9v\u00e8le pas toute sa sagesse et sa profonde beaut\u00e9 si nous ne l&rsquo;\u00e9coutons pas patiemment. C&rsquo;est comme un voile \u00e0 travers lequel se glisse un monde invisible.<\/p>\n\n\n\n<p>Notre vaste jardin est compos\u00e9 de plusieurs sections avec une v\u00e9g\u00e9tation luxuriante et diversifi\u00e9e, form\u00e9e au fil des si\u00e8cles dans le paysage rural de l&rsquo;ancienne Sintra. Des fleurs odorantes et color\u00e9es, une grande diversit\u00e9 d&rsquo;arbres fruitiers et des parcelles sauvages offrent une vari\u00e9t\u00e9 d&rsquo;exp\u00e9riences sensorielles.<\/p>\n\n\n\n<p>Avec ses puits printaniers et centenaires, chaque \u00e9l\u00e9ment du jardin est une invitation \u00e0 la contemplation. Un v\u00e9ritable havre de paix et de beaut\u00e9 parsem\u00e9 de sentiers qui m\u00e8nent \u00e0 la d\u00e9couverte de nombreux coins inattendus.<\/p>\n\n\n\n<p>Le jardin de l&rsquo;ancienne Quinta est un lieu o\u00f9 l&rsquo;\u00e2me trouve le repos, o\u00f9 l&rsquo;esprit se renouvelle en communion avec la nature.<\/p>\n\n\n\nngg_shortcode_0_placeholder\n\n\n\n<h2 class=\"wp-block-heading\">Les espaces sociaux<\/h2>\n\n\n\n<p>La Quinta dispose de plusieurs espaces con\u00e7us pour permettre \u00e0 nos h\u00f4tes de se retrouver, soigneusement d\u00e9cor\u00e9s en parfaite harmonie avec l&rsquo;histoire du lieu et la beaut\u00e9 de son jardin.<\/p>\n\n\n\n<p>Une vaste salle \u00e0 manger aux tons naturels et chaleureux, un salon de lecture, des salons aux chemin\u00e9es chaleureuses, une chapelle intime, une place avec son puits et sa source centenaire. Plusieurs espaces peuvent \u00eatre transform\u00e9s en salles de r\u00e9union ou de formation.<\/p>\n\n\n\nngg_shortcode_1_placeholder\n\n\n\n<h2 class=\"wp-block-heading\">Les chambres<\/h2>\n\n\n\n<p>Des espaces accueillants propices au repos, \u00e0 la lecture, \u00e0 l&rsquo;\u00e9criture, \u00e0 la m\u00e9ditation et \u00e0 la pri\u00e8re. Neuf chambres d\u00e9cor\u00e9es avec \u00e9l\u00e9gance, sobri\u00e9t\u00e9 et souci du d\u00e9tail compl\u00e8tent la beaut\u00e9 du lieu. <\/p>\n\n\n\nngg_shortcode_2_placeholder\n","protected":false},"excerpt":{"rendered":"<p>Situ\u00e9e dans une ferme centenaire \u00e0 Rio de Mouro Velho\/Pai\u00f5es (Sintra), la maison dispose de 9 chambres, d&rsquo;une chapelle et de divers espaces int\u00e9rieurs et ext\u00e9rieurs pour la convivialit\u00e9. Le jardim La nature cache ses secrets et ne r\u00e9v\u00e8le pas toute sa sagesse et sa profonde beaut\u00e9 si nous ne l&rsquo;\u00e9coutons pas patiemment. C&rsquo;est comme &hellip; <\/p>\n<p class=\"link-more\"><a href=\"https:\/\/silentplace.pt\/fr\/\" class=\"more-link\">Continuer la lecture<span class=\"screen-reader-text\"> de &laquo;&nbsp;Le domaine&nbsp;&raquo;<\/span><\/a><\/p>\n","protected":false},"author":1,"featured_media":180,"parent":0,"menu_order":0,"comment_status":"closed","ping_status":"closed","template":"elementor_theme","meta":{"ngg_post_thumbnail":0,"footnotes":""},"class_list":["post-322","page","type-page","status-publish","has-post-thumbnail","hentry"],"_links":{"self":[{"href":"https:\/\/silentplace.pt\/fr\/wp-json\/wp\/v2\/pages\/322"}],"collection":[{"href":"https:\/\/silentplace.pt\/fr\/wp-json\/wp\/v2\/pages"}],"about":[{"href":"https:\/\/silentplace.pt\/fr\/wp-json\/wp\/v2\/types\/page"}],"author":[{"embeddable":true,"href":"https:\/\/silentplace.pt\/fr\/wp-json\/wp\/v2\/users\/1"}],"replies":[{"embeddable":true,"href":"https:\/\/silentplace.pt\/fr\/wp-json\/wp\/v2\/comments?post=322"}],"version-history":[{"count":2,"href":"https:\/\/silentplace.pt\/fr\/wp-json\/wp\/v2\/pages\/322\/revisions"}],"predecessor-version":[{"id":669,"href":"https:\/\/silentplace.pt\/fr\/wp-json\/wp\/v2\/pages\/322\/revisions\/669"}],"wp:featuredmedia":[{"embeddable":true,"href":"https:\/\/silentplace.pt\/fr\/wp-json\/wp\/v2\/media\/180"}],"wp:attachment":[{"href":"https:\/\/silentplace.pt\/fr\/wp-json\/wp\/v2\/media?parent=322"}],"curies":[{"name":"wp","href":"https:\/\/api.w.org\/{rel}","templated":true}]}}

<p id="espaco"><strong>Située dans une ferme centenaire à Rio de Mouro Velho/Paiões (Sintra), la maison dispose de 9 chambres, d&rsquo;une chapelle et de divers espaces intérieurs et extérieurs pour la convivialité.</strong></p>



<figure class="wp-block-image size-large"><img fetchpriority="high" decoding="async" width="1024" height="683" src="https://www.silentplace.pt/wp-content/uploads/2024/07/flores-3-1024x683.jpg" alt="" class="wp-image-474" srcset="https://silentplace.pt/wp-content/uploads/2024/07/flores-3-1024x683.jpg 1024w, https://silentplace.pt/wp-content/uploads/2024/07/flores-3-300x200.jpg 300w, https://silentplace.pt/wp-content/uploads/2024/07/flores-3-768x512.jpg 768w, https://silentplace.pt/wp-content/uploads/2024/07/flores-3-1536x1024.jpg 1536w, https://silentplace.pt/wp-content/uploads/2024/07/flores-3-2048x1365.jpg 2048w" sizes="(max-width: 767px) 89vw, (max-width: 1000px) 54vw, (max-width: 1071px) 543px, 580px" /></figure>



<h2 class="wp-block-heading">Le jardim</h2>



<p>La nature cache ses secrets et ne révèle pas toute sa sagesse et sa profonde beauté si nous ne l&rsquo;écoutons pas patiemment. C&rsquo;est comme un voile à travers lequel se glisse un monde invisible.</p>



<p>Notre vaste jardin est composé de plusieurs sections avec une végétation luxuriante et diversifiée, formée au fil des siècles dans le paysage rural de l&rsquo;ancienne Sintra. Des fleurs odorantes et colorées, une grande diversité d&rsquo;arbres fruitiers et des parcelles sauvages offrent une variété d&rsquo;expériences sensorielles.</p>



<p>Avec ses puits printaniers et centenaires, chaque élément du jardin est une invitation à la contemplation. Un véritable havre de paix et de beauté parsemé de sentiers qui mènent à la découverte de nombreux coins inattendus.</p>



<p>Le jardin de l&rsquo;ancienne Quinta est un lieu où l&rsquo;âme trouve le repos, où l&rsquo;esprit se renouvelle en communion avec la nature.</p>



ngg_shortcode_0_placeholder



<h2 class="wp-block-heading">Les espaces sociaux</h2>



<p>La Quinta dispose de plusieurs espaces conçus pour permettre à nos hôtes de se retrouver, soigneusement décorés en parfaite harmonie avec l&rsquo;histoire du lieu et la beauté de son jardin.</p>



<p>Une vaste salle à manger aux tons naturels et chaleureux, un salon de lecture, des salons aux cheminées chaleureuses, une chapelle intime, une place avec son puits et sa source centenaire. Plusieurs espaces peuvent être transformés en salles de réunion ou de formation.</p>



ngg_shortcode_1_placeholder



<h2 class="wp-block-heading">Les chambres</h2>



<p>Des espaces accueillants propices au repos, à la lecture, à l&rsquo;écriture, à la méditation et à la prière. Neuf chambres décorées avec élégance, sobriété et souci du détail complètent la beauté du lieu. </p>



ngg_shortcode_2_placeholder

<p>Située dans une ferme centenaire à Rio de Mouro Velho/Paiões (Sintra), la maison dispose de 9 chambres, d&rsquo;une chapelle et de divers espaces intérieurs et extérieurs pour la convivialité. Le jardim La nature cache ses secrets et ne révèle pas toute sa sagesse et sa profonde beauté si nous ne l&rsquo;écoutons pas patiemment. C&rsquo;est comme &hellip; </p>
<p class="link-more"><a href="https://silentplace.pt/fr/" class="more-link">Continuer la lecture<span class="screen-reader-text"> de &laquo;&nbsp;Le domaine&nbsp;&raquo;</span></a></p>
